8. Determine f(-13).
86
Let p(t) = t**2 - 7317*t - 1112496. What is p(-149)?
-62
Let a(j) = 8469*j - 8256. Calculate a(1).
213
Let t(u) = 283*u**2 + 193006*u - 39. Determine t(-682).
-39
Let d(m) = -43991*m - 43809. Calculate d(-1).
182
Let t(p) = p**2 + 100481*p - 703422. Calculate t(7).
-6
Let g(z) = -1929*z + 337582. What is g(175)?
7
Let o(j) = j**3 - 35*j - 54. Determine o(-7).
-152
Let i(u) = u**2 + 184*u + 3692. Determine i(-28).
-676
Let n(k) = 6*k**2 + 205*k + 341. Determine n(-27).
-820
Let o(x) = -13*x**3 - 9*x**2 + 159*x + 168. Determine o(-1).
13
Let g(h) = 1326*h**2 - 13261*h + 12. Calculate g(10).
2
Let k(b) = -2069*b - 30985. Determine k(-15).
50
Let s(f) = f**3 + 90*f**2 - 159*f + 2228. Determine s(-92).
-72
Let l(w) = w**3 - 118*w**2 - 489*w + 44173. Give l(119).
143
Let z(l) = 97208*l - 291624. Calculate z(3).
0
Let o(u) = -u**3 + 246*u**2 - 997*u + 7271. Determine o(242).
253
Let w(c) = 4*c**3 + 87*c**2 + 377*c + 4747. Determine w(-20).
7
Let j(r) = 28*r**2 + 4261*r + 17319. What is j(-148)?
3
Let d(n) = -7154*n + 14424. Determine d(2).
116
Let b(q) = -326*q + 15306. Give b(47).
-16
Let x(p) = 7*p**3 - 1127*p**2 + 1117*p + 187. What is x(160)?
-293
Let a(z) = 11871*z - 308624. Determine a(26).
22
Let i(b) = -2*b**3 + 4*b**2 - 65*b - 262. Calculate i(0).
-262
Let q(m) = 2066*m - 43098. Calculate q(21).
288
Let l(w) = 3*w**3 + 926*w**2 + 34703*w - 3172. Calculate l(-265).
8
Let n(a) = 2*a**2 - 2162*a + 547557. Give n(676).
-3
Let a(c) = -3*c**2 - 47327*c + 805432. Determine a(17).
6
Let m(u) = -281*u**2 - 102*u - 118. Determine m(-2).
-1038
Let v(b) = 2*b**3 + 58*b**2 + 153*b. Calculate v(-26).
78
Let q(n) = -543*n + 30544. Determine q(56).
136
Let w(k) = 9*k**2 - 626*k + 3196. What is w(64)?
-4
Let k(g) = -632*g - 9483. Give k(-15).
-3
Let i(m) = 6267*m + 188246. Calculate i(-30).
236
Let i(b) = -b**3 + 3*b**2 + 582*b + 2202. Give i(-4).
-14
Let q(u) = -u**3 - 56*u**2 - 519*u - 6191. Calculate q(-48).
289
Let m(a) = a**3 - 348*a**2 + 5931*a + 2974. Determine m(330).
4
Let d(p) = -7709*p + 686086. What is d(89)?
-15
Let i(f) = -49*f + 18501. Determine i(376).
77
Let a(y) = 6*y**2 - 205*y + 859. Determine a(5).
-16
Let i(g) = -2*g**3 + 289*g**2 - 704*g + 124. Determine i(142).
976
Let t(y) = 86829*y - 607811. Calculate t(7).
-8
Let n(w) = w**3 + 119*w**2 + 2*w + 144. What is n(-119)?
-94
Let u(l) = -2*l**2 - 373*l - 4398. Calculate u(-12).
-210
Let y(n) = -2*n**3 - 226*n**2 - 4008*n - 9. Give y(-22).
79
Let q(o) = -230722*o - 461299. What is q(-2)?
145
Let h(r) = 1258*r - 460415. Give h(366).
13
Let c(i) = -32*i**2 - 62*i + 57. Calculate c(0).
57
Let i(r) = 57*r**2 - 1041*r - 686. What is i(19)?
112
Let s(b) = -2346*b - 659227. What is s(-281)?
-1
Let z(h) = -10*h**2 + 6909*h - 53963. Determine z(683).
-6
Let v(s) = -59*s**2 + 113*s + 638. Determine v(-6).
-2164
Let s(x) = -x**3 - 61*x**2 + 24*x + 437. What is s(-61)?
-1027
Let d(z) = 34*z**2 - 241*z - 11. Determine d(8).
237
Let n(f) = -21*f**3 - 14846*f**2 + 707*f - 22. Give n(-707).
-22
Let k(z) = -2*z**3 + 444*z**2 - 3713*z - 1086. Determine k(9).
3
Let z(k) = -6*k**3 + 658*k**2 + 246*k - 2856. Calculate z(110).
4
Let k(g) = -g**3 + 77*g**2 - 3426*g + 303758. Calculate k(81).
8
Let f(v) = 21*v**3 + 23501*v**2 + 2210*v - 31327. Give f(-1119).
5
Let u(n) = 12*n**3 - 577*n**2 + 1146*n - 35. Determine u(46).
-219
Let d(g) = -84*g**2 - 2393*g - 6421. Give d(-3).
2
Let g(f) = -426*f**3 - 43*f**2 - 39*f - 1. What is g(-1)?
421
Let b(o) = 40*o**2 + 138*o + 2. Determine b(2).
438
Let y(n) = 2*n**3 + 48*n**2 + 180*n - 82. Determine y(-19).
108
Let z(k) = -8*k**2 + 59*k + 120. Calculate z(-7).
-685
Let l(m) = 3*m**3 + 448*m**2 - 749*m + 1159. Give l(-151).
253
Let c(h) = -136*h**3 - h**2 - 33*h - 63. Calculate c(-2).
1087
Let x(s) = 178*s + 35719. Calculate x(-200).
119
Let v(a) = -140*a**3 - 418*a**2 + 523*a. Give v(-4).
180
Let m(l) = 28*l**2 + 2641*l - 7285. Give m(-97).
-10
Let r(k) = k**3 + 154*k**2 - 469*k + 777. Give r(-157).
463
Let h(u) = -434*u + 33. Calculate h(1).
-401
Let v(t) = t**3 + 555*t**2 + 2205*t + 224. Determine v(-551).
-327
Let d(r) = 1822728*r + 10936375. What is d(-6)?
7
Let z(r) = -3*r**2 - 283*r - 5216. Give z(-75).
-866
Let p(m) = m**3 - 67*m**2 + 184*m + 320. What is p(64)?
-192
Let r(z) = 1166*z**2 - 467566*z - 7. Determine r(401).
-7
Let a(h) = h**3 + 47*h**2 + 40*h - 182. What is a(-46)?
94
Let u(g) = g**2 - 394*g + 36100. Determine u(146).
-108
Let n(q) = 5*q**2 + 137*q - 1486. Calculate n(20).
3254
Let n(h) = 4*h**3 + 5*h**2 - 79*h - 4. Determine n(5).
226
Let w(g) = g**2 + 328096*g + 1312375. Give w(-4).
7
Let u(o) = 279418*o - 11456127. What is u(41)?
11
Let s(r) = -12*r**2 + 4949*r - 130934. What is s(384)?
10
Let f(n) = -90795*n + 363134. Give f(4).
-46
Let g(l) = -5*l**2 + 22*l + 1098. Determine g(22).
-838
Let c(b) = -1858*b + 872. Determine c(1).
-986
Let f(d) = 5*d**3 - 3*d**2 - 5*d + 244. Give f(-6).
-914
Let m(d) = -2518*d + 30109. Give m(12).
-107
Let z(h) = -566*h - 650. Determine z(-9).
4444
Let u(k) = -k**2 + 721*k + 9414. What is u(-13)?
-128
Let y(r) = -4893*r - 68500. Give y(-14).
2
Let z(u) = -80535*u - 483239. Determine z(-6).
-29
Let g(w) = w**3 - 137*w**2 + 131*w - 879. What is g(136)?
-1559
Let k(n) = 11428*n + 114271. Calculate k(-10).
-9
Let m(k) = -76*k + 3199. Calculate m(45).
-221
Let y(k) = -2*k**3 + 1131*k**2 + 130*k + 246769. What is y(566)?
-7
Let r(g) = 3672*g**2 - 205632*g + 85. What is r(56)?
85
Let i(m) = 268*m - 2031. What is i(9)?
381
Let s(f) = -42*f**2 + 2596*f - 10376. What is s(4)?
-664
Let q(u) = -4*u**3 - 123*u**2 - 77*u - 3337. Determine q(-31).
11
Let y(f) = 2*f**3 + 367*f**2 - 16560*f + 3261. Determine y(-221).
-54
Let v(x) = 1217*x**2 + 7*x - 11. Calculate v(0).
-11
Let i(s) = -2*s**3 - 82*s**2 - 1864*s - 71364. Determine i(-40).
-4
Let c(w) = 659*w + 133849. Calculate c(-203).
72
Let x(j) = -7*j**2 + 50*j + 49. Calculate x(8).
1
Let m(p) = -55*p**2 - 777*p - 142. Determine m(-14).
-44
Let r(y) = -120*y**3 - 310*y**2 - 35*y - 90. Calculate r(-3).
465
Let a(c) = -3*c**3 - 134*c**2 + 205*c + 971. Determine a(-46).
5
Let z(p) = -5719*p - 120093. Give z(-21).
6
Let v(a) = -a**3 - 19*a**2 - 9*a - 1036. Determine v(-21).
35
Let z(u) = 76695*u - 460102. Give z(6).
68
Let l(v) = 22869*v + 22725. Give l(-1).
-144
Let c(q) = 603*q + 29773. Calculate c(-56).
-3995
Let s(g) = -295*g**2 + 15*g - 5. Calculate s(2).
-1155
Let v(t) = -3*t**2 - 1012*t + 7231. Calculate v(7).
0
Let a(k) = -3483*k - 76521. Calculate a(-22).
105
Let o(i) = 3*i**3 - 44*i**2 - 2590*i - 7. Calculate o(-23).
-214
Let f(r) = -r**3 - 230*r**2 - 3619*r - 402. Give f(-213).
-828
Let q(v) = -152*v**2 - 1209*v - 23. Give q(-8).
-79
Let p(o) = 6*o**2 - 1602*o - 27219. Determine p(283).
-51
Let m(h) = -288*h - 13300. Give m(-46).
-52
Let h(f) = -f**3 + 297*f**2 + 272*f + 7668. Determine h(298).
-80
Let w(n) = n**3 - 33*n**2 - 45*n + 520. Calculate w(34).
146
Let r(l) = -11*l**2 + 91*l + 1258. Calculate r(20).
-1322
Let l(c) = -2*c**2 - 18664*c + 449087. Determine l(24).
-1
Let f(z) = 1367*z - 18825. Determine f(13).
-1054
Let l(j) = 1619*j - 192613. Give l(119).
48
Let l(g) = -2341*g + 2617247. Determine l(1118).
9
Let d(t) = -21*t**2 + 356*t + 737. Calculate d(-2).
-59
Let s(k) = -k**3 - 639*k**2 + 3872*k - 20. Give s(6).
-8
Let q(y) = -99135*y - 892226. Determine q(-9).
-11
Let c(v) = -649*v + 40393. What is c(62)?
155
Let k(b) = -2*b**2 + 65*b + 1991. Determine k(-20).
-109
Let i(x) = 4135*x + 1447265. Give i(-350).
15
Let d(y) = y**3 + 391*y**2 + 1939*y + 151483. Give d(-387).
166
Let m(o) = -2405*o - 45557. Give m(-19).
138
Let s(f) = 54*f**2 - 837*f + 2682. Calculate s(11).
9
Let x(v) = v**3 - 23*v**2 + 19*v - 11. Give x(14).
-1509
Let j(b) = -4457*b + 66838. Give j(15).
-17
Let f(o) = 3*o**3 - 19*o**2 - 1007*o + 6082. Calculate f(6).
4
Let j(d) = -34857*d - 243994. Give j(-7).
5
Let o(i) = -25*i**2 + 142*i - 202. Give o(3).
-1
Let f(w) = -31*w**3 + 54*w**2 + 17*w - 42. Determine f(2).
-40
Let g(q) = q**3 - 55*q**2 - 677*q - 37. Give g(-12).
-1561
Let b(g) = -g**3 + 30*g**2 + 25*g + 696. Give b(31).
510
Let n(p) = 36791*p + 478327. What is n(-13)?
44
Let u(q) = 32758*q - 3112006. Give u(95).
4
Let j(p) = -49495*p - 197986. Give j(-4).
-6
Let